t j(t) = t**3 - 4*t**2 - 5*t + 2. Let i be j(5). Let o(c) = 0*c - i*c + 2 + 4 - 5. Calculate o(r).
9
Let c be (56 - 64) + (-5)/1. Let p(b) = 2*b + 28. What is p(c)?
2
Let l(k) = -k. Let x(d) = -d**2 - 11*d - 7. Let h(z) = -2*l(z) + x(z). Suppose -5*r + 6 = 36. Give h(r).
11
Let r(v) be the third derivative of -7*v**5/60 + v**4/6 - v**3/6 + 11*v**2. Let u(s) = 15*s**2 - 9*s + 3. Let b(w) = 5*r(w) + 2*u(w). What is b(-1)?
-6
Let g(c) = c**2 + 3. Let l(q) = q + 1. Let v(o) = g(o) - 6*l(o). Let z(k) be the first derivative of v(k). Calculate z(4).
2
Let s(a) = 2*a**2 + 7*a + 5. Let v = -248 + 244. Determine s(v).
9
Let c(w) = -2*w - 16. Let b(f) = -1. Let l(q) = -4*b(q) + c(q). Let a = 25 + -33. Let i be (-1 + -9 + -2)/((-12)/a). What is l(i)?
4
Let p(z) = -z**2 + 3*z + 3. Let a be p(4). Let g(w) = w - 5. Let r be g(9). Let j(y) = 7*y**2 - 3*y + 3*y - r*y**2. Give j(a).
3
Let b = -7 + 4. Let t(g) = -g**3 - 9*g**2 - g - 7. Let q be t(-9). Let y(f) = -7*f**2 + 2*f**2 - 3*f + f**3 + 6*f**2 + 0*f**q - 1. What is y(b)?
-10
Let j(c) = -3*c**2 - 29*c - 35. Let d be j(-8). Let g(a) = a + 1. Calculate g(d).
6
Suppose 1 = p - 4. Let x(c) = 2*c + 13*c**2 - 7*c**2 + 4 + c**3 - p*c**2 - 6*c**2. Suppose 2*y + 4 = 3*y. Determine x(y).
-4
Let p(u) = -u**3 + 7*u**2 - 3*u + 1. Let f = 9 + -3. Calculate p(f).
19
Let k(o) = o + 16 + 16 - 60 + 18. What is k(12)?
2
Let a(k) be the first derivative of -k**4/4 + k**3/3 - k**2 + 4*k - 158. Calculate a(3).
-20
Let q(g) = -g**2 + 6*g - 2. Suppose 4*t - 24 + 48 = 0. Let f = -1 - t. Calculate q(f).
3
Let n(c) = 77*c + 5 - 149*c - 4 + 74*c. Determine n(-3).
-5
Let h(a) = -4 + 2 + 1295*a - 1300*a. Determine h(3).
-17
Let b(l) be the second derivative of -l**4/6 - l**2/2 + 48*l + 1. Calculate b(2).
-9
Let j = 49 - 55. Let l(q) = -3*q - 9. Let s(a) = a + 1. Let w(f) = l(f) + 2*s(f). Determine w(j).
-1
Let u(s) = -3*s**2 - 14*s. Let z(h) = 2*h**2 + 8*h. Let f(r) = 4*u(r) + 7*z(r). What is f(-1)?
2
Let t(o) be the third derivative of -o**5/60 - 11*o**4/24 - 3*o**3/2 - o**2 - 40*o. Determine t(-8).
15
Let r be 3 - -2*1/1. Let c(q) = 3 - 1635*q**2 - q + 1636*q**2 - 3*q. Determine c(r).
8
Let d(g) = g**3 + 5*g**2 - 2*g. Let p(u) be the first derivative of u**4/4 + u**3/3 + u**2 - 5*u + 13. Let r be p(0). Give d(r).
10
Let g = -122 - -116. Let v(r) = r**2 + 5*r - 8. Let b be v(g). Let s(p) = -p**3 + 2*p + 2. What is s(b)?
6
Let p(v) = 5 + 6*v + 93*v**2 + v**2 - 90*v**2. What is p(-2)?
9
Let k(p) = 2*p + 3. Let u = 286 - 280. Calculate k(u).
15
Let d = 3 - 0. Let w(p) = -2 + 3 - 2*p + d*p. Let q be -6*(-114)/(-126) + 5 + 3/7. Determine w(q).
1
Let v(n) = -3*n**2 - 2. Let o(k) = -k**2 - k. Let i(z) = 2*o(z) - v(z). Let l be 6/4*(3 - 1). Suppose 0*p - p = -l. Give i(p).
5
Let l(b) = 4*b + 5*b**2 - 5*b - b + 1 - 7*b**2. Let z(v) = -v + 4. Let h be z(7). Give l(h).
-11
Let u = -5 - -5. Let h(n) be the third derivative of -n**4/24 - 18*n**2. Determine h(u).
0
Let x(a) = -13*a. Suppose -4*h - 9 - 9 = -2*f, 3*h = 0. Let s be ((-4)/12)/((-3)/f). What is x(s)?
-13
Let a(r) = 4*r + 1. Suppose 0*f + 15 = -3*f. Let i be (-20)/(-8)*(3 + 13/f). What is a(i)?
5
Suppose 9*b = -5 - 22. Let d(j) = 3*j**2 + 2*j - 3. Calculate d(b).
18
Let v(n) = 8*n**2 - 46 - 47 - n**3 + 2*n**3 - 19*n + 144 - 44. Give v(-10).
-3
Let t be (-1796)/18 + (-8)/36. Let p = t - -98. Let o(u) = 3*u + 2. What is o(p)?
-4
Suppose 7 = -i + 2*n + 45, -5*n = -20. Suppose -i*y + 49*y = 6. Let v(s) = -2*s**2 - 4*s + 3. Give v(y).
-13
Let t(m) = m**3 + 15*m**2 - 2*m - 29. Let s be ((-162)/108)/((-1)/(-10)). Determine t(s).
1
Let d(b) = -2*b**2 - 3. Let p(z) = -9*z**2 - 6*z - 20. Let u(h) = 5*d(h) - p(h). Give u(-4).
-35
Let c(u) be the third derivative of -u**4/12 + 37*u**3/6 - u**2 - 4*u. Let m be c(18). Let l(k) = 5*k**3 + k**2 - 2*k + 1. Calculate l(m).
5
Let q(i) = 24 - 43 + 33*i + 0*i**2 - 29*i + i**2 + 30. What is q(-5)?
16
Let h = 93 + -91. Let b(o) = 2*o**h - 1 - o**2 - 4*o - o + 11*o. Calculate b(-5).
-6
Let g(l) = 42*l**3 + 3*l**2 + 3*l + 7. Let m(k) = 63*k**3 + 5*k**2 + 5*k + 11. Let t(b) = 8*g(b) - 5*m(b). Calculate t(1).
20
Let i(g) = 7*g - 3. Let c = -1011 - -1013. Calculate i(c).
11
Let z be ((-3)/(-2))/((-3)/(-6)). Let r(s) = -3 + 5 - 4 + 2*s. Let y be r(z). Let c(x) = -x**3 + 4*x**2 + 2*x - 4. What is c(y)?
4
Suppose -s + 34 = 4*t, 5*s = 2*t + t - 37. Let p be -9 + t - (-2 + 0). Suppose -g = g - p. Let a(f) = -6*f**2 - f + 1. What is a(g)?
-6
Let s = -49 - -51. Let h be ((-24)/(-4))/(s - 1). Let q(c) = -c + 2. Give q(h).
-4
Let b(r) be the first derivative of r**6/360 + r**5/120 + r**4/24 - 7*r**3/3 - 1. Let t(n) be the third derivative of b(n). Let v = 124 + -125. Determine t(v).
1
Let g(c) be the first derivative of -c**3/3 - 7*c**2/2 + 6*c - 547. What is g(-9)?
-12
Let v(o) = -o**2 - 5*o + 74. Let w be v(6). Let q(z) = 3*z - 16. Give q(w).
8
Let t(c) = -5 + 14*c**2 + 4*c + 4*c + 10*c**2 - 26*c**2 + 3*c. Calculate t(7).
-26
Let n(b) = b**3 - 5*b - 4. Let h(p) = p**3 - p**2 - 5*p - 4. Let t(x) = -2*h(x) + 3*n(x). What is t(-3)?
2
Let i(c) = c**2 + 2 + 0*c**2 - 1 - 2*c**2. Let w(g) = g**3 + 10*g**2 - g - 8. Suppose r + 3 = j, 4*r + 3*j = -j - 28. Let u(m) = r*i(m) - w(m). Calculate u(-5).
-2
Let m = 10 + -6. Let r(j) = -j**3 + 7*j + m*j + 11*j + 5*j**2 - 3 - 25*j. Calculate r(3).
6
Let m(y) = -6*y**3. Let o(f) = -6*f - 1. Let l be o(-2). Suppose 4*z = 5*q - 46, q - 2*z - 1 = 7. Let p = q - l. What is m(p)?
6
Let n(y) = y**3 - 5*y**2 - 4*y - 4. Let f be n(6). Let l be f/20 - 22/5. Let m(o) be the second derivative of o**4/12 + o**3/3 + 2*o. Determine m(l).
8
Let a(m) = -m - 3*m + 8 - 7*m + 12*m - 24. Calculate a(17).
1
Let f(a) = -a - 1. Let c be (-1 + 10)*(-4)/(-12). Suppose 5*n = 5*i + 125, -2*n = -6*n - c*i + 79. Suppose 0 = 4*s - 6 + n. Calculate f(s).
3
Let o(a) = a**3 + 5*a**2 - 7*a - 6. Let h(w) = w**3 - 42*w**2 - 47*w + 166. Let s be h(43). Give o(s).
0
Let x(r) be the first derivative of -r**5/20 + 11*r**4/12 - 11*r**3/6 + 7*r**2/2 + 3*r - 21. Let b(n) be the first derivative of x(n). Give b(10).
-3
Let y(p) = p**3 - 6*p**2. Let s(i) = 2*i**3 - 12*i**2 - 1. Let z(m) = 2*s(m) - 5*y(m). Suppose -3*r = 4*r - 42. Give z(r).
-2
Let s(x) = -2056*x**3 + 2055*x**3 - 4 + 0 + 10*x + 5*x**2 - x - 13*x**2. Let j = -4 + 6. Let g(b) = -2*b**2 - 2*b + 3. Let i be g(j). What is s(i)?
-4
Let n(o) be the first derivative of 3 + 0*o + 7/6*o**3 - 2*o**2 - 1/24*o**4. Let u(t) be the second derivative of n(t). Calculate u(0).
7
Let f(i) = i**3 + 0*i**3 - 3562*i**2 + 2*i + 3559*i**2 + 1. Calculate f(2).
1
Suppose 4*m = -f - 78, 0*f + 34 = -2*m + 2*f. Let u = -10 - m. Suppose -u - 11 = 5*w. Let z(c) = c + 3. Calculate z(w).
-1
Let y(m) be the second derivative of 3*m - 5/6*m**4 + 0 + 0*m**3 + 1/2*m**2. Determine y(1).
-9
Let p(x) = x**2 + 18*x - 74. Let q be p(-22). Let j(v) = 2*v - 32. What is j(q)?
-4
Let k(j) = j + 3. Let u(x) = -4*x**2 + 8*x + 2. Let i(o) = -3*o**2 + 9*o + 3. Let b(m) = -6*i(m) + 5*u(m). Let n be b(-6). What is k(n)?
7
Let g(p) = -2*p**2 - 11*p - 6. Let u(h) = -5*h**2 - 32*h - 18. Let z be (2 - 0) + 1/1. Let t(k) = z*u(k) - 8*g(k). Give t(8).
-6
Let q(f) = -f**2 + 8*f - 2. Suppose -15*k - 5*n = -12*k - 49, 4*n = -k + 28. What is q(k)?
-2
Let p(u) be the second derivative of u**4/4 + u**3/6 - u**2 + u. Let j(f) = -f**2 - 33*f - 25. Let o be j(-29). Let d = 89 - o. Give p(d).
8
Let z(n) = -11*n - 1. Let p(r) = 2*r + 2. Let c(a) = -6*p(a) - z(a). Determine c(-4).
-7
Let a(d) = 805 - 418 - 405 + 0*d + 2*d. Give a(8).
-2
Let i(m) = -m + 5. Let o = -160 + 162. Calculate i(o).
3
Let y be (12/(-15))/((-6)/15). Let l(u) = -y*u**2 + 1 + u**2 + 2*u**2 + u. Let b be (1/2)/(2/(-4)). Give l(b).
1
Suppose 3*t - 2*t = -11. Let x(o) be the third derivative of -o**4/24 - 4*o**3/3 + 54*o**2. What is x(t)?
3
Let r(i) = -i**2 - i - 1. Let a(x) = -4*x**2 - 6*x - 4. Let m(c) = a(c) - 3*r(c). Determine m(-2).
1
Let y(j) = -j**3 - 5*j**2 - 2*j - 7. Suppose -4*l - 1 = -3*l, 4*w = 2*l - 18. What is y(w)?
3
Let b(w) = -w - 2. Let h be b(-3). Let y(m) = 2*m + 2. Let l(v) = 14*v + 12. Let u(q) = l(q) - 6*y(q). Give u(h).
2
Let s(n) = n**2 - 5*n - 1. Let w be 10/(12/(-42)*-7). Give s(w).
-1
Let a(q) be the second derivative of 0 - 10*q - 1/3*q**3 + 1/2*q**2. Determine a(7).
-13
Let y = -32 +